 = 4*i - 2*g + 7*g. Suppose u - 8 = -2*r, 3*r - i*u + 3*u - 10 = 0. Suppose x = -r*x + 24. Does 8 divide x?
True
Let f(u) = u + 1 - 1. Let o be f(-2). Let g = o + 5. Is 3 a factor of g?
True
Suppose -26 = -5*l - 4*q, 0*q = -2*l + 4*q + 16. Is 12 a factor of 33*3/l*2?
False
Suppose s + 5 = -4*s, -5*j + 3264 = -4*s. Is 15 a factor of 10/(-45) - j/(-18)?
False
Let z(g) = 16*g - 15. Is z(6) a multiple of 27?
True
Suppose 0 = -4*g - 2*y + 154 + 256, -g = -4*y - 125. Is g a multiple of 15?
True
Is 2 a factor of (-4)/(-8)*38 + -4?
False
Suppose -19*i + 11*i + 968 = 0. Is i a multiple of 15?
False
Suppose 0 = 5*j - 5*m - 30, 5*j - 7 = 3*j - 3*m. Suppose -4*f - 15 - 5 = 0, -3*f = j*t - 100. Does 9 divide t?
False
Let k be (16/20)/((-2)/(-30)). Does 12 divide (-12)/(2*(-3)/k)?
True
Suppose 3*i + 6 = 5*q, 0 = 6*q - q - 15. Suppose i*k - 12 = 2*k. Suppose -18 = -2*t + k. Is 5 a factor of t?
True
Let c = 95 + -33. Does 14 divide c?
False
Let r be 48/9 - (-6)/9. Let g(z) = z**2 + z + 4. Is 18 a factor of g(r)?
False
Let g(z) = -3*z**2 + 3*z - 4 - z**3 + 2*z**3 + 3. Let l be g(2). Is 2 a factor of (1 - 0)*(6 - l)?
False
Let u be (-15)/(3/(-2) - 0). Suppose 2*p = u - 4. Is p even?
False
Let g = -6 - -25. Is g a multiple of 4?
False
Let d be (-2)/(-4) - (-22)/4. Let w(v) = 6*v + 8. Is w(d) a multiple of 11?
True
Is 14 a factor of (299 - -6)*(7/5 + -1)?
False
Let s(x) = -3*x**2 - 7*x + 8. Let g(l) = 3*l**2 + 7*l - 7. Let b(d) = 6*g(d) + 5*s(d). Does 22 divide b(3)?
False
Suppose -17 = d - 4*k, 0 = -4*d + 6*d - 3*k + 14. Is -2 + 0 + (d - -39) a multiple of 10?
False
Let t be (-6)/2 - 12/(-4). Suppose 2*u = -4*y + 64, 2*u = -t*u - 3*y + 66. Is u a multiple of 12?
True
Suppose -3*y + 146 = 4*v, -4*v - 185 + 61 = -2*y. Let f = 109 - y. Is 13 a factor of f?
False
Suppose -n + h = -0*h - 46, h - 4 = 0. Is n a multiple of 5?
True
Is 23 a factor of (-50)/(34/119 + 22/(-28))?
False
Let a be (-2 + 3)/(1/3). Let g = -3 + a. Suppose 4*f - 4*y - 16 = g, -3*f - f - 3*y + 51 = 0. Is f a multiple of 4?
False
Let o = 1 + -1. Let j be ((o + 1)*17)/(-1). Let l = j - -24. Is l a multiple of 6?
False
Let v = 14 + -10. Suppose -5*w + v*w + 40 = 5*a, 3*w = 0. Does 5 divide a?
False
Let w(z) = -z**2 + 7*z + 4. Let y be w(7). Suppose p - 99 = -y*j - 0*p, 0 = 5*p - 15. Is j a multiple of 24?
True
Let p be (4 + -4)*2/(-2). Suppose p*n + 10 = n. Does 4 divide n?
False
Let i = -44 - -79. Is 5 a factor of i?
True
Let b(l) = -l**3 - 12*l**2 + 12*l + 14. Does 15 divide b(-14)?
False
Let p be (1 - 3)/((-8)/12). Suppose -65 = -4*b - q, -p*q + 3 = -0*q. Is 242/8 + (-4)/b a multiple of 12?
False
Suppose 492 = 7*p - 96. Is p a multiple of 12?
True
Let h = -100 - -167. Suppose 5*s - 13 = h. Does 8 divide s?
True
Let w(r) = 2*r**2 + 5*r - 2. Does 10 divide w(-6)?
True
Let i(b) be the third derivative of b**6/120 + b**5/15 - b**4/8 + b**3/2 - 3*b**2. Is i(-4) a multiple of 10?
False
Let g(c) = 2*c + 6. Let s be g(-5). Is (2/(-3))/(s/354) a multiple of 12?
False
Suppose 5*m = 3*u + 49, u = -2*m - 2*m + 29. Suppose -3*y = -m*y. Let x(r) = -r + 32. Is 16 a factor of x(y)?
True
Let d(z) = z**3 + 17*z**2 + 15*z - 14. Is d(-16) a multiple of 2?
True
Let n be (1 + 0 - 0)/(-1). Let f be 4/6*n*-3. Does 5 divide (-1)/((-2)/8)*f?
False
Suppose 6*f + 108 = 9*f. Let c = f - 17. Is 7 a factor of c?
False
Suppose -4*m = 4*k - 360, -3*k = -m - 0*m + 78. Does 12 divide m?
False
Let u be 1 + 6*1 + -2. Suppose 0 = 2*c - 5 - 33. Suppose -5*n = -a - u, -a - 2*n + c - 3 = 0. Is a a multiple of 10?
True
Suppose -o - 3 = -2. Let a = o + 31. Is 20 a factor of a?
False
Let q(m) be the third derivative of -m**6/120 + m**5/10 + m**4/8 + m**2. Let w = -2 + 8. Is 9 a factor of q(w)?
True
Let q be 9/(-2) + 2/(-4). Suppose 0 = -2*t, 4*g - 2*t = 3*t - 152. Is 8/20 + g/q a multiple of 4?
True
Suppose 0 = -g + 2*i + 170, g + i - 182 = -0*g. Does 63 divide g?
False
Suppose 0 = 2*p - 6*p + 160. Is p a multiple of 40?
True
Let z = 35 - 19. Does 4 divide z?
True
Suppose -4 = -3*d - d. Let o be d/(-1 + 102/99). Suppose -3*x = -51 - o. Does 14 divide x?
True
Let i be (-4)/(-14) - 174/21. Does 14 divide (-222)/i - (-4)/16?
True
Let n be (-11)/(-2) + 1/(-2). Suppose n*u = -21 + 56. Suppose 33 = 5*d - u. Is d a multiple of 3?
False
Suppose -3*c = -224 - 55. Is ((-2)/(-6))/1*c a multiple of 13?
False
Suppose -5*c = -27 - 53. Does 8 divide c?
True
Let c = -36 + 60. Is c a multiple of 12?
True
Let c be 1*((3 - 1) + -2). Suppose -m + 6 = -8. Let l = m + c. Is l a multiple of 7?
True
Suppose 0*d - 4*d + 11 = 3*r, -2*d - r + 7 = 0. Let q = -5 + d. Let i(o) = -o + 21. Is 7 a factor of i(q)?
True
Let k(u) be the second derivative of u**3/2 + u**2/2 + 5*u. Suppose 5*t - 7 = 8. Is k(t) a multiple of 5?
True
Let h be -4*((3 - 3) + 1). Let i = h - -9. Is 2 a factor of i?
False
Suppose -39*l + 1044 = -35*l. Does 37 divide l?
False
Let m be -1 + (1*-42)/(-1). Let q be (-1 + -1 - 2) + -21. Let c = q + m. Is 16 a factor of c?
True
Let w(j) = j**3 - j**2 + j. Let q(k) = -6*k**3 + 11*k**2 + 6*k - 4. Let h(u) = q(u) + 5*w(u). Is 19 a factor of h(7)?
False
Let q = 0 + 1. Suppose 0 = -3*p - n - q, 5 = -p - p - 5*n. Suppose p = -l + 35 - 3. Does 11 divide l?
False
Let z = 115 - 184. Let l be (-2)/(-8) + z/(-12). Let j(h) = h**3 - 6*h**2 + 2*h - 1. Does 11 divide j(l)?
True
Let p(a) = -11*a**2 + 18*a + 10. Let d(m) = -5*m**2 + 9*m + 5. Let c(q) = -13*d(q) + 6*p(q). Does 14 divide c(-4)?
False
Let h(m) = -3*m + 1. Is h(-6) a multiple of 9?
False
Let b(i) be the first derivative of -3*i**4/2 - 2*i**3/3 + 2*i + 1. Let a be b(-2). Suppose -j = -4*j + a. Is 9 a factor of j?
False
Let m be (-3)/(-2)*(-20)/(-6). Suppose -3*c + 19 = k + c, 0 = -2*k - m*c + 26. Is k a multiple of 2?
False
Let z(i) = 2*i**2 + 2. Let j be (0 + (-2)/(-4))*-6. Is z(j) a multiple of 9?
False
Let y(x) = 2*x**2 - 6 - x + 2 + 2. Let u be y(2). Suppose 0*d + 96 = u*d. Is 12 a factor of d?
True
Suppose 0 = -3*o + i + 158, 2*o - 134 = -i - 22. Is o a multiple of 18?
True
Let u(d) = -d + 11. Let f be u(12). Let a = f - -12. Is 10 a factor of a?
False
Let j(f) = -11*f - 24. Does 14 divide j(-11)?
False
Does 32 divide 6/(-4)*4032/(-27)?
True
Let l be (-7)/14 + 9/2. Let g(c) = 7*c + 2. Is g(l) a multiple of 12?
False
Let n = 4 + -1. Suppose 5*t - 19 = -2*d, -t + n*d = -6*t + 16. Suppose 4*b - 30 - 208 = -t*h, 3*b - 241 = -5*h. Is h a multiple of 17?
False
Let i(y) = -y**2 + 5*y - 9. Let o(s) = -s**2 + 7*s - 14. Let x(q) = -8*i(q) + 5*o(q). Does 10 divide x(4)?
True
Let p(t) = -242*t - 2. Let w be p(2). Let k be w/(-15) + (-6)/15. Let o = k - 9. Is o a multiple of 9?
False
Suppose 0 = j - 27 + 11. Let n = j - -12. Is n a multiple of 10?
False
Let i(c) = -c - 1. Let k be i(-5). Suppose m + 21 = k*m. Suppose 2*z + 160 = m*z. Is 16 a factor of z?
True
Let s = -27 - -33. Suppose 0 = -0*y + s*y - 120. Does 10 divide y?
True
Suppose 0 = 4*s + 52 + 76. Let v be s/(-20)*50/4. Is 8 a factor of (4/(-5))/((-2)/v)?
True
Let t = 11 + -16. Let d = 3 - t. Does 4 divide d?
True
Let a be ((-6)/(-9))/(2/9). Suppose 42 = -a*m + 180. Let r = -5 + m. Is 15 a factor of r?
False
Suppose -42 = -d + 52. Is 11 a factor of d?
False
Let a be 1 - (2 - 3/3). Let o(n) = n + 17. Let u be o(a). Let m = u - 1. Is 16 a factor of m?
True
Suppose -2*i = 4*a - 4, 0 = -a - 4*i - 9 + 24. Let p be (3 - -10) + 1 + a. Suppose 3*k - j = j + 27, -4*k + p = 5*j. Does 7 divide k?
True
Suppose 4*s + 102 = -2. Let t(q) = 6*q + 3. Let u be t(7). Let o = u + s. Does 19 divide o?
True
Suppose -2*p - 32 = -0*p + 4*y, 22 = -p + 4*y. Suppose -3*r + 4*r = -43. Let a = p - r. Does 9 divide a?
False
Suppose -5*p + 3*l - 14 = -p, 0 = p - 2*l + 6. Let c be (-2 + -3 + 2)*p. Suppose -c*f + 4*f + 40 = 0. Is 12 a factor of f?
False
Let q(w) = -6 + 2 - w**2 + 8*w - 4. Let n be q(6). Suppose -r - 8 = n*y - 0*y, 5*r + 2*y - 14 = 0. Is 3 a factor of r?
False
Let a(k) = -2*k**2 - 31*k + 31. Is 31 a factor of a(-14)?
False
Let q(d) = 2 - 1 + 5 + d. Let k be q(-4). Suppose 12 = -0*m + k*m. Is 5 a factor of m?
False
Let p = 9 + -12. Does 6 divide (-2 - (0 + -13)) + p?
False
Suppose -c + 8 = 3*c - 4*i, 5*c + 3*i + 22 = 0. Is (-7)/c - 3/(-6) even?
True
Let z = -9 - -13. Suppose a = 3*c - 173, -3*a + z*a - 181 = -3*c. Suppose -10 - 1 = -s - u, -u = 4*s - c. Is s a multiple of